lse
Suppose 0 = 7*g - 2*g - 1120. Let t be 6*(265/(-2))/5. Let l = g + t. Is l composite?
True
Is 1/(4 + 3969/(-993)) prime?
True
Let y(w) = -w**3 - 7*w**2 + 14*w + 10. Suppose 2*x + 10 = 0, -m - 5*x + 0*x = 18. Suppose d + 2 + m = 0. Is y(d) a prime number?
False
Let j = -856 + 1605. Is j composite?
True
Let s = -101 - -32. Let t = 196 + s. Is t a prime number?
True
Let u be ((-32)/(-20))/(2/60). Suppose d - 249 + u = 0. Is d a composite number?
True
Let p = 736 + -429. Is p composite?
False
Suppose 5*p + 20 = 0, 0 = 4*o + 5*p - 3*p - 176. Suppose 12*x - 14*x + o = 0. Is x composite?
False
Suppose -2*n + 1994 = 2*p + 2*n, -p - 4*n + 1003 = 0. Is p a prime number?
True
Let g(x) = 13*x + 7. Let r(s) = s - 1. Let q(b) = g(b) + 6*r(b). Is q(4) prime?
False
Suppose -3*w = -10*w + 1267. Is w composite?
False
Let w(z) = -z**3 - z**2 + z. Let l be w(-2). Suppose -175 = l*t - 597. Is t a composite number?
False
Let f(l) = -l**3 + 6*l**2 + 7*l + 5. Let p be f(7). Suppose -o + p*o - 644 = 0. Is o a composite number?
True
Suppose 4*y - 2 = 3*y. Is y*(687/6 + 3) a prime number?
False
Let w(y) = y**3 - 5*y**2 - y - 8. Let i = -10 - -16. Is w(i) prime?
False
Let o be 1/(1078/(-360) + 3). Let j = o + -85. Is j composite?
True
Let g(l) be the third derivative of -l**4/2 + l**3/2 + 3*l**2. Is g(-3) prime?
False
Suppose 25 = 5*i, 5*i - 1800 = -5*n - 0*i. Is n composite?
True
Let z(j) = -5*j**2 + 5*j**2 + 3*j**2 + 19 - j - 4*j**2. Let h(q) = -q**2 - 2*q. Let l be h(-2). Is z(l) a composite number?
False
Let m(c) = 52*c**3 + c**2. Suppose 5*l - 8 - 12 = 0. Suppose v + 3 = l. Is m(v) a composite number?
False
Suppose -1 = b + 6. Let i(p) = -2*p - 10. Let a be i(b). Suppose 0 = -a*x - 0*x + 628. Is x composite?
False
Let p = 4 + -3. Let u = 1 - p. Suppose 2*z - z - 37 = u. Is z a composite number?
False
Let m = 5 - 5. Let h(i) = 5*i**2 - 2*i - 7. Let d be h(-6). Suppose 2*b + 3*b + q - 185 = m, -d = -5*b - 5*q. Is b a composite number?
False
Let j = 15 + -12. Suppose j*a - 805 = 2. Is a a composite number?
False
Let x(v) = -v**3 + v**2. Let m be x(-1). Suppose -18 = -5*h - 3*k, 0 = 4*h + 5*k + m - 6. Suppose -2*j = i - 75, j = 3*i + h*j - 221. Is i composite?
False
Suppose 0 = g - 3 - 0. Suppose y = -k - 0*k + 39, 5*y = g*k - 109. Is k composite?
True
Let m = 324 - -735. Is m composite?
True
Let d(q) = -4 + 1 + 5 + 164*q. Let b be d(-2). Is (b/4)/(1/(-2)) a prime number?
True
Let p(m) be the second derivative of 5*m**4/12 - m**3/2 + m**2/2 - 15*m. Let i(c) = -c - 3. Let d be i(-7). Is p(d) composite?
True
Let v = -4 - -9. Suppose 2*a + v*w = -4 - 10, 5*a - 11 = -w. Suppose a*s + 5*q - 23 = 0, 5*s = 2*q + 7 + 21. Is s composite?
True
Let r(g) = -60*g + 1. Is r(-2) a composite number?
True
Is (-4)/((-3)/3) + 9 + 784 a composite number?
False
Is 3/(-12) - 5928/(-32) a composite number?
True
Suppose 5*r - 17 - 5 = -w, 4*r = 16. Let u(a) = 41*a**2 - a + 2. Let b be u(2). Suppose 2*o = -w*o + z + 219, -z - b = -3*o. Is o a prime number?
False
Suppose 0 = 2*g + 6 + 22. Let w(f) = f**3 + 14*f**2 + 14. Is w(g) a prime number?
False
Let s(h) = -229*h - 18. Is s(-7) a prime number?
False
Let u = 245 - -1716. Is u a composite number?
True
Let x(a) be the first derivative of a**6/360 - a**5/120 + 7*a**4/24 - 4*a**3/3 - 1. Let z(d) be the third derivative of x(d). Is z(6) prime?
True
Is (-48)/48 + -2523*2/(-1) composite?
True
Suppose -4*r - 4*u + 24 = 0, -4*r + 2*u = -0*u - 36. Suppose 3*v - 1 = r. Suppose -v*g + 2*g = -s - 33, 2*g + 2*s - 74 = 0. Is g a prime number?
False
Let j = -13 + 15. Suppose -4*a - 231 = -2*t + 67, -3*t = -a - 472. Suppose j*m + 0*m = g + 101, 4*g = 3*m - t. Is m a composite number?
True
Let w be (-30)/(-9)*(-5)/(10/(-3)). Let x be (-398)/(-5) - (-2)/5. Suppose i - 2*i = 2*p - 51, -3*p - w*i = -x. Is p a prime number?
False
Let p be (-3)/6 + 1/(-2). Is (-2508)/(-16) + p/(-4) prime?
True
Suppose x = -r - 9, 2*r + 24 = -4*x - 0. Let j(h) = 59*h + 9. Let u(o) = -29*o - 5. Let z(l) = 4*j(l) + 9*u(l). Is z(r) a prime number?
False
Let y = -1278 - -2531. Is y prime?
False
Let r be 792/20 + (-2)/(-5). Suppose r = 3*a - 5*b, a + 61 = 5*a + b. Is a composite?
True
Suppose -2*m + 3*w + 81 + 137 = 0, 4*w = 4*m - 428. Is m composite?
False
Is 86/((-5)/(425/(-10))) a composite number?
True
Suppose p + 2*p = 0. Suppose p = -2*c - 3*c + 20. Let m(z) = z**3 + 2*z**2 - 2*z - 5. Is m(c) prime?
True
Let k(d) = -90*d - 4. Let r be k(3). Let j = -119 - r. Is j a prime number?
False
Let m(h) = 2*h**2 + h - 2. Let n be m(-4). Let b be 11 + (0/(-1) - 2). Let i = b + n. Is i composite?
True
Let o(r) be the third derivative of 29*r**4/24 + 16*r**3/3 + r**2. Let q(z) = 10*z + 11. Let c(d) = 6*o(d) - 17*q(d). Is c(8) composite?
False
Suppose k + 6 = -4. Is (-886)/k + (-6)/(-15) prime?
True
Let l be (-8)/6*(-9)/6. Suppose -4*y + l*r + 214 = 5*r, -r = -y + 57. Is y prime?
False
Suppose 0 = 2*r - 163 - 595. Is r a composite number?
False
Suppose 3*v + 0*v - 2*t = 212, 276 = 4*v - 4*t. Is v a prime number?
False
Let l(n) = 2145*n**2 + n + 3. Is l(-1) composite?
True
Let f be (-1)/(-1)*(5 + -3). Let c(r) = -1 + 9*r**3 + 4 - 2 + r**2. Is c(f) a composite number?
True
Is (-8027)/(-7) + 6/21 composite?
True
Suppose -3*v + 810 = -0*v + s, 0 = -4*v + 5*s + 1099. Is v a composite number?
False
Let u(g) = 206*g - 23. Is u(5) composite?
True
Suppose 5*n + 14 = 3*n. Is (-324)/n + (-8)/28 a composite number?
True
Let s(j) = 47*j**2 - 1. Let z = 5 - 3. Is s(z) a prime number?
False
Let k = -3 - -8. Suppose -4*r = -k*r + 127. Is r a composite number?
False
Let s = -7 + 3. Let z(n) = n**3 + 6*n**2 - 1. Let u be z(s). Let h = -21 + u. Is h a prime number?
False
Let l(j) = 2*j**3 - 25*j**2 + 6*j - 36. Is l(13) composite?
False
Let k(j) = j**2 + 2*j - 8. Suppose 0*m + 9 = -m. Is k(m) prime?
False
Let b = 25793 + -18294. Is b a composite number?
False
Let y be (4/(-6))/(2/(-9)). Let m(w) = w**2 + 7*w - 8. Let h be m(-8). Suppose -2*k + 71 - y = h. Is k a composite number?
True
Let u be 18/(-4) + 1/2. Let s be (-6)/9*(4 + -1). Let a = s - u. Is a a composite number?
False
Let k = -1444 + 912. Let v = -239 - k. Is v a prime number?
True
Let f = -51 - -76. Is (332/(-10))/((-10)/f) a prime number?
True
Let i = -11 - -12. Is i + (95 - 1) + 2 a composite number?
False
Suppose -762 = q - 3*q. Suppose 0*k - 3*k = -q. Is k composite?
False
Let t(y) = y**2 + 7*y. Let u be t(-8). Is 2/u - (-4449)/12 a prime number?
False
Let o = 56 + -22. Is o a prime number?
False
Is 6/(-3 - -1)*3154/(-6) composite?
True
Let c(w) = -w**3 - 10*w**2 - 9*w. Let y be c(-9). Suppose y = -q + 11 + 47. Is q a prime number?
False
Let k(m) = 6*m**2 - 5*m - 6. Let q be k(-5). Suppose -35 = -4*t + q. Is t prime?
False
Suppose -6*x + 3722 = -2536. Is x composite?
True
Let i(s) = -s**3 + 11*s**2 - 9*s - 5. Let j be i(10). Suppose -5*q + j = -30. Suppose 4*v + 17 = z, q*z + 4*v - 35 = 4*z. Is z a prime number?
True
Suppose 0*n - n = -7. Is (-2)/n - (-405)/21 a composite number?
False
Let g(o) = 37*o**2 + 6*o + 2. Is g(-3) prime?
True
Let b = -4 - -4. Suppose b*k + 1 = k. Is ((-10)/4)/(k/(-4)) prime?
False
Suppose 0 = -4*x + x + 399. Is x a composite number?
True
Suppose -4*u - 2*r = -882, 2*u + u = -r + 664. Is u composite?
False
Suppose 0 = a - 4*v - 6 + 66, 5*a - 2*v = -210. Let w = a - -107. Is w composite?
False
Suppose 292 = -q - 3*q. Let s = -20 - q. Is s a prime number?
True
Suppose -40 = 2*c + 4*v - 14, 2*c + 11 = v. Let l(h) = 4*h**2 + 3*h + 10. Is l(c) composite?
True
Let k be (6/(-4))/(3/(-164)). Suppose -o + k = b - 0*b, 4*o - b - 313 = 0. Is o a composite number?
False
Let u = 19 + -10. Let x be u/(-2) + 1/2. Let a = x - -19. Is a a composite number?
True
Suppose 4*d + 4*t - 32 = 0, 3*t + t + 18 = d. Suppose -5*n = 4*j - d, -n - 3*n = -2*j - 34. Is n composite?
True
Suppose 2*a + n + 0*n = 163, 0 = n + 1. Is a a composite number?
True
Let k be 1*2/4*142. Suppose -4*v + 5 = -k. Suppose -3*t + v = -14. Is t prime?
True
Let c(p) = 2*p**2 - 2*p + 8. Let a(q) = 6*q**3 + q**2 - 2*q + 1. Let z be a(1). Let t be c(z). Let i = -21 + t. Is i a prime number?
True
Let u = 63 + -29. Suppose -5*c = 5*k - 3*k - u, 5*k - 34 = -4*c. Suppose -l - l = -c. Is l composite?
False
Let t(j) = 2*j - 5. Let z be t(4). Let f(v) = -v**2 - 3*v + 0*v + 3*